{"id":19040,"date":"2025-09-09T18:02:45","date_gmt":"2025-09-09T16:02:45","guid":{"rendered":"https:\/\/cesarcaldevilla.es\/?page_id=19040"},"modified":"2026-02-12T20:09:17","modified_gmt":"2026-02-12T19:09:17","slug":"ecoener","status":"publish","type":"page","link":"https:\/\/cesarcaldevilla.es\/index.php\/ecoener\/","title":{"rendered":"ecoener"},"content":{"rendered":"<div class=\"wpb-content-wrapper\"><p>[vc_row][vc_column width=\u00bb1\/2&#8243;][vc_single_image image=\u00bb19043&#8243; img_size=\u00bb910&#215;2560&#8243; alignment=\u00bbright\u00bb css=\u00bb.vc_custom_1757433463242{margin-top: 70px !important;}\u00bb][\/vc_column][vc_column width=\u00bb1\/2&#8243;][vc_row_inner][vc_column_inner][vc_single_image image=\u00bb19062&#8243; img_size=\u00bb900&#215;675&#8243; alignment=\u00bbright\u00bb css=\u00bb\u00bb][vc_single_image image=\u00bb19053&#8243; img_size=\u00bb900&#215;600&#8243; css=\u00bb\u00bb][vc_single_image image=\u00bb19055&#8243; img_size=\u00bb750&#215;1111&#8243; css=\u00bb.vc_custom_1757433506217{margin-top: 30px !important;}\u00bb][\/vc_column_inner][\/vc_row_inner][\/vc_column][\/vc_row][vc_row css=\u00bb.vc_custom_1757433735769{margin-top: 30px !important;}\u00bb][vc_column][vc_single_image image=\u00bb19066&#8243; img_size=\u00bb1400&#215;650&#8243; alignment=\u00bbcenter\u00bb css=\u00bb\u00bb][\/vc_column][\/vc_row][vc_row css=\u00bb.vc_custom_1757433297194{margin-top: 100px !important;margin-bottom: 100px !important;}\u00bb][vc_column css=\u00bb.vc_custom_1732610106759{margin-bottom: -100px !important;}\u00bb][vc_icon icon_fontawesome=\u00bbfas fa-reply\u00bb color=\u00bbcustom\u00bb size=\u00bblg\u00bb align=\u00bbcenter\u00bb css=\u00bb\u00bb link=\u00bburl:https%3A%2F%2Fcesarcaldevilla.es%2F|title:inicio\u00bb custom_color=\u00bb#DD3333&#8243;][\/vc_column][\/vc_row]<\/p>\n<\/div>","protected":false},"excerpt":{"rendered":"<p>[vc_row][vc_column width=\u00bb1\/2&#8243;][vc_single_image image=\u00bb19043&#8243; img_size=\u00bb910&#215;2560&#8243; alignment=\u00bbright\u00bb css=\u00bb.vc_custom_1757433463242{margin-top: 70px !important;}\u00bb][\/vc_column][vc_column width=\u00bb1\/2&#8243;][vc_row_inner][vc_column_inner][vc_single_image image=\u00bb19062&#8243; img_size=\u00bb900&#215;675&#8243; alignment=\u00bbright\u00bb css=\u00bb\u00bb][vc_single_image image=\u00bb19053&#8243; img_size=\u00bb900&#215;600&#8243; css=\u00bb\u00bb][vc_single_image image=\u00bb19055&#8243; img_size=\u00bb750&#215;1111&#8243; css=\u00bb.vc_custom_1757433506217{margin-top: 30px !important;}\u00bb][\/vc_column_inner][\/vc_row_inner][\/vc_column][\/vc_row][vc_row css=\u00bb.vc_custom_1757433735769{margin-top: 30px !important;}\u00bb][vc_column][vc_single_image image=\u00bb19066&#8243; img_size=\u00bb1400&#215;650&#8243; alignment=\u00bbcenter\u00bb css=\u00bb\u00bb][\/vc_column][\/vc_row][vc_row css=\u00bb.vc_custom_1757433297194{margin-top: 100px !important;margin-bottom: 100px !important;}\u00bb][vc_column css=\u00bb.vc_custom_1732610106759{margin-bottom: -100px !important;}\u00bb][vc_icon icon_fontawesome=\u00bbfas fa-reply\u00bb color=\u00bbcustom\u00bb size=\u00bblg\u00bb align=\u00bbcenter\u00bb css=\u00bb\u00bb link=\u00bburl:https%3A%2F%2Fcesarcaldevilla.es%2F|title:inicio\u00bb custom_color=\u00bb#DD3333&#8243;][\/vc_column][\/vc_row]<\/p>\n","protected":false},"author":1,"featured_media":0,"parent":0,"menu_order":0,"comment_status":"closed","ping_status":"closed","template":"","meta":{"_acf_changed":false,"footnotes":""},"class_list":["post-19040","page","type-page","status-publish","hentry"],"acf":[],"yoast_head":"<!-- This site is optimized with the Yoast SEO plugin v27.0 - https:\/\/yoast.com\/product\/yoast-seo-wordpress\/ -->\n<title>ecoener - C\u00e9sar Caldevilla<\/title>\n<meta name=\"robots\" content=\"index, follow, max-snippet:-1, max-image-preview:large, max-video-preview:-1\" \/>\n<link rel=\"canonical\" href=\"https:\/\/cesarcaldevilla.es\/index.php\/ecoener\/\" \/>\n<meta property=\"og:locale\" content=\"es_ES\" \/>\n<meta property=\"og:type\" content=\"article\" \/>\n<meta property=\"og:title\" content=\"ecoener - C\u00e9sar Caldevilla\" \/>\n<meta property=\"og:description\" content=\"[vc_row][vc_column width=\u00bb1\/2&#8243;][vc_single_image image=\u00bb19043&#8243; img_size=\u00bb910&#215;2560&#8243; alignment=\u00bbright\u00bb css=\u00bb.vc_custom_1757433463242{margin-top: 70px !important;}\u00bb][\/vc_column][vc_column width=\u00bb1\/2&#8243;][vc_row_inner][vc_column_inner][vc_single_image image=\u00bb19062&#8243; img_size=\u00bb900&#215;675&#8243; alignment=\u00bbright\u00bb css=\u00bb\u00bb][vc_single_image image=\u00bb19053&#8243; img_size=\u00bb900&#215;600&#8243; css=\u00bb\u00bb][vc_single_image image=\u00bb19055&#8243; img_size=\u00bb750&#215;1111&#8243; css=\u00bb.vc_custom_1757433506217{margin-top: 30px !important;}\u00bb][\/vc_column_inner][\/vc_row_inner][\/vc_column][\/vc_row][vc_row css=\u00bb.vc_custom_1757433735769{margin-top: 30px !important;}\u00bb][vc_column][vc_single_image image=\u00bb19066&#8243; img_size=\u00bb1400&#215;650&#8243; alignment=\u00bbcenter\u00bb css=\u00bb\u00bb][\/vc_column][\/vc_row][vc_row css=\u00bb.vc_custom_1757433297194{margin-top: 100px !important;margin-bottom: 100px !important;}\u00bb][vc_column css=\u00bb.vc_custom_1732610106759{margin-bottom: -100px !important;}\u00bb][vc_icon icon_fontawesome=\u00bbfas fa-reply\u00bb color=\u00bbcustom\u00bb size=\u00bblg\u00bb align=\u00bbcenter\u00bb css=\u00bb\u00bb link=\u00bburl:https%3A%2F%2Fcesarcaldevilla.es%2F|title:inicio\u00bb custom_color=\u00bb#DD3333&#8243;][\/vc_column][\/vc_row]\" \/>\n<meta property=\"og:url\" content=\"https:\/\/cesarcaldevilla.es\/index.php\/ecoener\/\" \/>\n<meta property=\"og:site_name\" content=\"C\u00e9sar Caldevilla\" \/>\n<meta property=\"article:modified_time\" content=\"2026-02-12T19:09:17+00:00\" \/>\n<meta name=\"twitter:card\" content=\"summary_large_image\" \/>\n<meta name=\"twitter:label1\" content=\"Tiempo de lectura\" \/>\n\t<meta name=\"twitter:data1\" content=\"1 minuto\" \/>\n<script type=\"application\/ld+json\" class=\"yoast-schema-graph\">{\"@context\":\"https:\/\/schema.org\",\"@graph\":[{\"@type\":\"WebPage\",\"@id\":\"https:\/\/cesarcaldevilla.es\/index.php\/ecoener\/\",\"url\":\"https:\/\/cesarcaldevilla.es\/index.php\/ecoener\/\",\"name\":\"ecoener - C\u00e9sar Caldevilla\",\"isPartOf\":{\"@id\":\"https:\/\/cesarcaldevilla.es\/#website\"},\"datePublished\":\"2025-09-09T16:02:45+00:00\",\"dateModified\":\"2026-02-12T19:09:17+00:00\",\"breadcrumb\":{\"@id\":\"https:\/\/cesarcaldevilla.es\/index.php\/ecoener\/#breadcrumb\"},\"inLanguage\":\"es\",\"potentialAction\":[{\"@type\":\"ReadAction\",\"target\":[\"https:\/\/cesarcaldevilla.es\/index.php\/ecoener\/\"]}]},{\"@type\":\"BreadcrumbList\",\"@id\":\"https:\/\/cesarcaldevilla.es\/index.php\/ecoener\/#breadcrumb\",\"itemListElement\":[{\"@type\":\"ListItem\",\"position\":1,\"name\":\"Home\",\"item\":\"https:\/\/cesarcaldevilla.es\/\"},{\"@type\":\"ListItem\",\"position\":2,\"name\":\"ecoener\"}]},{\"@type\":\"WebSite\",\"@id\":\"https:\/\/cesarcaldevilla.es\/#website\",\"url\":\"https:\/\/cesarcaldevilla.es\/\",\"name\":\"C\u00e9sar Caldevilla\",\"description\":\"Creatividad, Direcci\u00f3n de Arte Dise\u00f1o\",\"publisher\":{\"@id\":\"https:\/\/cesarcaldevilla.es\/#organization\"},\"potentialAction\":[{\"@type\":\"SearchAction\",\"target\":{\"@type\":\"EntryPoint\",\"urlTemplate\":\"https:\/\/cesarcaldevilla.es\/?s={search_term_string}\"},\"query-input\":{\"@type\":\"PropertyValueSpecification\",\"valueRequired\":true,\"valueName\":\"search_term_string\"}}],\"inLanguage\":\"es\"},{\"@type\":\"Organization\",\"@id\":\"https:\/\/cesarcaldevilla.es\/#organization\",\"name\":\"C\u00e9sar Caldevilla\",\"url\":\"https:\/\/cesarcaldevilla.es\/\",\"logo\":{\"@type\":\"ImageObject\",\"inLanguage\":\"es\",\"@id\":\"https:\/\/cesarcaldevilla.es\/#\/schema\/logo\/image\/\",\"url\":\"https:\/\/cesarcaldevilla.es\/wp-content\/uploads\/2026\/02\/NUEVO-LOGO-CESAR-170x170-1.jpg\",\"contentUrl\":\"https:\/\/cesarcaldevilla.es\/wp-content\/uploads\/2026\/02\/NUEVO-LOGO-CESAR-170x170-1.jpg\",\"width\":170,\"height\":170,\"caption\":\"C\u00e9sar Caldevilla\"},\"image\":{\"@id\":\"https:\/\/cesarcaldevilla.es\/#\/schema\/logo\/image\/\"}}]}<\/script>\n<!-- \/ Yoast SEO plugin. -->","yoast_head_json":{"title":"ecoener - C\u00e9sar Caldevilla","robots":{"index":"index","follow":"follow","max-snippet":"max-snippet:-1","max-image-preview":"max-image-preview:large","max-video-preview":"max-video-preview:-1"},"canonical":"https:\/\/cesarcaldevilla.es\/index.php\/ecoener\/","og_locale":"es_ES","og_type":"article","og_title":"ecoener - C\u00e9sar Caldevilla","og_description":"[vc_row][vc_column width=\u00bb1\/2&#8243;][vc_single_image image=\u00bb19043&#8243; img_size=\u00bb910&#215;2560&#8243; alignment=\u00bbright\u00bb css=\u00bb.vc_custom_1757433463242{margin-top: 70px !important;}\u00bb][\/vc_column][vc_column width=\u00bb1\/2&#8243;][vc_row_inner][vc_column_inner][vc_single_image image=\u00bb19062&#8243; img_size=\u00bb900&#215;675&#8243; alignment=\u00bbright\u00bb css=\u00bb\u00bb][vc_single_image image=\u00bb19053&#8243; img_size=\u00bb900&#215;600&#8243; css=\u00bb\u00bb][vc_single_image image=\u00bb19055&#8243; img_size=\u00bb750&#215;1111&#8243; css=\u00bb.vc_custom_1757433506217{margin-top: 30px !important;}\u00bb][\/vc_column_inner][\/vc_row_inner][\/vc_column][\/vc_row][vc_row css=\u00bb.vc_custom_1757433735769{margin-top: 30px !important;}\u00bb][vc_column][vc_single_image image=\u00bb19066&#8243; img_size=\u00bb1400&#215;650&#8243; alignment=\u00bbcenter\u00bb css=\u00bb\u00bb][\/vc_column][\/vc_row][vc_row css=\u00bb.vc_custom_1757433297194{margin-top: 100px !important;margin-bottom: 100px !important;}\u00bb][vc_column css=\u00bb.vc_custom_1732610106759{margin-bottom: -100px !important;}\u00bb][vc_icon icon_fontawesome=\u00bbfas fa-reply\u00bb color=\u00bbcustom\u00bb size=\u00bblg\u00bb align=\u00bbcenter\u00bb css=\u00bb\u00bb link=\u00bburl:https%3A%2F%2Fcesarcaldevilla.es%2F|title:inicio\u00bb custom_color=\u00bb#DD3333&#8243;][\/vc_column][\/vc_row]","og_url":"https:\/\/cesarcaldevilla.es\/index.php\/ecoener\/","og_site_name":"C\u00e9sar Caldevilla","article_modified_time":"2026-02-12T19:09:17+00:00","twitter_card":"summary_large_image","twitter_misc":{"Tiempo de lectura":"1 minuto"},"schema":{"@context":"https:\/\/schema.org","@graph":[{"@type":"WebPage","@id":"https:\/\/cesarcaldevilla.es\/index.php\/ecoener\/","url":"https:\/\/cesarcaldevilla.es\/index.php\/ecoener\/","name":"ecoener - C\u00e9sar Caldevilla","isPartOf":{"@id":"https:\/\/cesarcaldevilla.es\/#website"},"datePublished":"2025-09-09T16:02:45+00:00","dateModified":"2026-02-12T19:09:17+00:00","breadcrumb":{"@id":"https:\/\/cesarcaldevilla.es\/index.php\/ecoener\/#breadcrumb"},"inLanguage":"es","potentialAction":[{"@type":"ReadAction","target":["https:\/\/cesarcaldevilla.es\/index.php\/ecoener\/"]}]},{"@type":"BreadcrumbList","@id":"https:\/\/cesarcaldevilla.es\/index.php\/ecoener\/#breadcrumb","itemListElement":[{"@type":"ListItem","position":1,"name":"Home","item":"https:\/\/cesarcaldevilla.es\/"},{"@type":"ListItem","position":2,"name":"ecoener"}]},{"@type":"WebSite","@id":"https:\/\/cesarcaldevilla.es\/#website","url":"https:\/\/cesarcaldevilla.es\/","name":"C\u00e9sar Caldevilla","description":"Creatividad, Direcci\u00f3n de Arte Dise\u00f1o","publisher":{"@id":"https:\/\/cesarcaldevilla.es\/#organization"},"potentialAction":[{"@type":"SearchAction","target":{"@type":"EntryPoint","urlTemplate":"https:\/\/cesarcaldevilla.es\/?s={search_term_string}"},"query-input":{"@type":"PropertyValueSpecification","valueRequired":true,"valueName":"search_term_string"}}],"inLanguage":"es"},{"@type":"Organization","@id":"https:\/\/cesarcaldevilla.es\/#organization","name":"C\u00e9sar Caldevilla","url":"https:\/\/cesarcaldevilla.es\/","logo":{"@type":"ImageObject","inLanguage":"es","@id":"https:\/\/cesarcaldevilla.es\/#\/schema\/logo\/image\/","url":"https:\/\/cesarcaldevilla.es\/wp-content\/uploads\/2026\/02\/NUEVO-LOGO-CESAR-170x170-1.jpg","contentUrl":"https:\/\/cesarcaldevilla.es\/wp-content\/uploads\/2026\/02\/NUEVO-LOGO-CESAR-170x170-1.jpg","width":170,"height":170,"caption":"C\u00e9sar Caldevilla"},"image":{"@id":"https:\/\/cesarcaldevilla.es\/#\/schema\/logo\/image\/"}}]}},"_links":{"self":[{"href":"https:\/\/cesarcaldevilla.es\/index.php\/wp-json\/wp\/v2\/pages\/19040","targetHints":{"allow":["GET"]}}],"collection":[{"href":"https:\/\/cesarcaldevilla.es\/index.php\/wp-json\/wp\/v2\/pages"}],"about":[{"href":"https:\/\/cesarcaldevilla.es\/index.php\/wp-json\/wp\/v2\/types\/page"}],"author":[{"embeddable":true,"href":"https:\/\/cesarcaldevilla.es\/index.php\/wp-json\/wp\/v2\/users\/1"}],"replies":[{"embeddable":true,"href":"https:\/\/cesarcaldevilla.es\/index.php\/wp-json\/wp\/v2\/comments?post=19040"}],"version-history":[{"count":21,"href":"https:\/\/cesarcaldevilla.es\/index.php\/wp-json\/wp\/v2\/pages\/19040\/revisions"}],"predecessor-version":[{"id":19069,"href":"https:\/\/cesarcaldevilla.es\/index.php\/wp-json\/wp\/v2\/pages\/19040\/revisions\/19069"}],"wp:attachment":[{"href":"https:\/\/cesarcaldevilla.es\/index.php\/wp-json\/wp\/v2\/media?parent=19040"}],"curies":[{"name":"wp","href":"https:\/\/api.w.org\/{rel}","templated":true}]}}